1 (base 16) to base 13.
-27
What is 1 (base 5) in base 2?
1
-a1 (base 14) to base 6
-353
Convert 4 (base 16) to base 9.
4
What is -116 (base 8) in base 3?
-2220
-403 (base 8) to base 2
-100000011
Convert 25 (base 13) to base 3.
1011
Convert -101 (base 3) to base 16.
-a
Convert 212 (base 8) to base 3.
12010
-1000 (base 2) to base 9
-8
Convert -2 (base 11) to base 2.
-10
59 (base 12) to base 6
153
Convert 108 (base 12) to base 4.
2120
101111 (base 2) to base 6
115
Convert 11 (base 7) to base 9.
8
51 (base 6) to base 2
11111
Convert -30 (base 9) to base 16.
-1b
-110 (base 5) to base 16
-1e
Convert 1 (base 15) to base 13.
1
Convert -10 (base 4) to base 16.
-4
What is -6 (base 9) in base 3?
-20
What is -1 (base 10) in base 8?
-1
-22 (base 11) to base 12
-20
2 (base 15) to base 8
2
What is -4 (base 9) in base 4?
-10
Convert 45 (base 15) to base 7.
122
Convert -10 (base 2) to base 8.
-2
What is -3 (base 16) in base 8?
-3
Convert -101 (base 2) to base 9.
-5
11 (base 9) to base 10
10
2 (base 14) to base 2
10
62 (base 7) to base 10
44
Convert -1c (base 15) to base 3.
-1000
Convert 251 (base 6) to base 12.
87
What is -220 (base 4) in base 6?
-104
What is 2 (base 7) in base 6?
2
Convert -102 (base 3) to base 6.
-15
Convert -2 (base 11) to base 15.
-2
Convert 128 (base 9) to base 4.
1223
135 (base 11) to base 14
b5
-a5 (base 15) to base 11
-131
What is -10 (base 10) in base 9?
-11
Convert -13 (base 4) to base 7.
-10
What is -23 (base 7) in base 5?
-32
Convert -2 (base 5) to base 14.
-2
Convert 8 (base 10) to base 14.
8
Convert -27 (base 13) to base 15.
-23
What is -2 (base 5) in base 13?
-2
-160 (base 7) to base 15
-61
-5 (base 16) to base 13
-5
Convert -4 (base 8) to base 13.
-4
-9 (base 13) to base 3
-100
-11 (base 7) to base 14
-8
What is -1b (base 15) in base 3?
-222
2 (base 10) to base 12
2
What is -3 (base 13) in base 10?
-3
What is -2 (base 6) in base 13?
-2
What is 1 (base 5) in base 4?
1
Convert -120 (base 4) to base 8.
-30
Convert 1 (base 10) to base 3.
1
What is 11 (base 10) in base 8?
13
-6 (base 13) to base 4
-12
What is -1 (base 2) in base 12?
-1
101 (base 4) to base 14
13
Convert 8 (base 10) to base 16.
8
-3 (base 5) to base 13
-3
-1101 (base 2) to base 8
-15
-99 (base 10) to base 3
-10200
What is -24 (base 6) in base 8?
-20
-30 (base 16) to base 8
-60
What is -32 (base 4) in base 9?
-15
-44 (base 10) to base 6
-112
Convert 2131 (base 4) to base 3.
12211
What is 7 (base 8) in base 16?
7
What is 1 (base 6) in base 5?
1
11 (base 7) to base 11
8
-7 (base 13) to base 14
-7
-105 (base 12) to base 6
-405
Convert 18 (base 16) to base 8.
30
-11 (base 3) to base 7
-4
Convert -313 (base 6) to base 8.
-165
What is 7 (base 12) in base 7?
10
Convert 0 (base 10) to base 9.
0
-c (base 13) to base 12
-10
Convert -40 (base 5) to base 6.
-32
What is 0 (base 12) in base 8?
0
Convert 9 (base 14) to base 9.
10
What is -23 (base 4) in base 16?
-b
What is -11212 (base 3) in base 16?
-83
-6 (base 10) to base 12
-6
1 (base 5) to base 2
1
15 (base 6) to base 10
11
Convert 15 (base 11) to base 4.
100
Convert 251 (base 8) to base 5.
1134
What is 530 (base 7) in base 15?
12b
-32 (base 5) to base 9
-18
60 (base 11) to base 7
123
What is -37 (base 14) in base 2?
-110001
Convert 42 (base 8) to base 15.
24
Convert -1 (base 8) to base 10.
-1
Convert -100000 (base 2) to base 11.
-2a
What is -631 (base 7) in base 14?
-188
Convert -3 (base 5) to base 8.
-3
Convert 4 (base 6) to base 5.
4
What is 51 (base 6) in base 4?
133
Convert 41 (base 5) to base 10.
21
89 (base 10) to base 9
108
Convert -33 (base 12) to base 15.
-29
1 (base 2) to base 13
1
What is 15 (base 14) in base 9?
21
What is 0 (base 13) in base 10?
0
-132 (base 4) to base 7
-42
What is 3 (base 7) in base 8?
3
Convert 29 (base 16) to base 9.
45
Convert 2 (base 8) to base 6.
2
6 (base 13) to base 6
10
What is 101 (base 2) in base 9?
5
Convert 2 (base 4) to base 2.
10
Convert 16 (base 16) to base 8.
26
Convert 1111 (base 4) to base 12.
71
-112 (base 4) to base 8
-26
-1 (base 14) to base 10
-1
What is -24 (base 5) in base 14?
-10
What is 1 (base 2) in base 6?
1
Convert -410 (base 6) to base 8.
-226
What is -27 (base 10) in base 7?
-36
Convert 93 (base 11) to base 2.
1100110
1220 (base 4) to base 7
206
-3 (base 16) to base 15
-3
What is -2 (base 14) in base 8?
-2
What is -2 (base 9) in base 5?
-2
What is -1122 (base 5) in base 6?
-430
Convert 51 (base 13) to base 9.
73
What is -5 (base 11) in base 10?
-5
Convert 11c (base 13) to base 5.
1234
Convert -11 (base 16) to base 9.
-18
Convert 35 (base 12) to base 14.
2d
156 (base 7) to base 9
110
12 (base 4) to base 13
6
What is 1 (base 6) in base 5?
1
Convert -101 (base 4) to base 14.
-13
What is 5 (base 8) in base 11?
5
-3 (base 10) to base 5
-3
Convert 6 (base 14) to base 4.
12
1 (base 4) to base 10
1
Convert 51 (base 16) to base 7.
144
0 (base 8) to base 9
0
-2 (base 4) to base 5
-2
-2 (base 16) to base 2
-10
Convert -2 (base 5) to base 2.
-10
What is -12 (base 11) in base 9?
-14
What is 36 (base 7) in base 11?
25
What is -4 (base 8) in base 3?
-11
Convert -11 (base 4) to base 6.
-5
Convert 144 (base 7) to base 8.
121
What is -10 (base 14) in base 2?
-1110
Convert 3 (base 8) to base 12.
3
What is -10 (base 13) in base 9?
-14
-11 (base 3) to base 10
-4
What is 31 (base 7) in base 16?
16
Convert -1 (base 15) to base 8.
-1
What is b (base 12) in base 2?
1011
Convert -3 (base 11) to base 13.
-3
Convert 3 (base 10) to base 16.
3
-37 (base 9) to base 8
-42
-2 (base 11) to base 3
-2
What is -33 (base 8) in base 12?
-23
Convert 5 (base 16) to base 5.
10
Convert 1201 (base 3) to base 4.
232
-1101 (base 2) to base 9
-14
-c (base 14) to base 13
-c
Convert -1 (base 15) to base 9.
-1
Convert 1c (base 13) to base 5.
100
-2403 (base 5) to base 15
-188
Convert -15 (base 10) to base 7.
-21
-c (base 15) to base 11
-11
Convert 14 (base 6) to base 12.
a
-37 (base 13) to base 8
-56
Convert -1 (base 5) to base 15.
-1
What is 8 (base 13) in base 15?
8
7 (base 9) to base 2
111
-122 (base 6) to base 9
-55
21 (base 8) to base 2
10001
Convert 1220 (base 4) to base 14.
76
Convert -4 (base 16) to base 6.
-4
100 (base 2) to base 5
4
42 (base 6) to base 12
22
What is 1 (base 15) in base 9?
1
-6 (base 14) to base 3
-20
What is -5 (base 15) in base 5?
-10
1 (base 9) to base 15
1
What is -12 (base 16) in base 12?
-16
-2 (base 12) to base 15
-2
What is -11 (base 2) in base 15?
-3
Convert -56 (base 12) to base 5.
-231
102 (base 3) to base 15
b
What is 3 (base 7) in base 10?
3
What is 5 (base 16) in base 3?
12
11 (base 12) to base 8
15
1 (base 9) to base 6
1
Convert 43 (base 7) to base 14.
23
Convert -3 (base 8) to base 7.
-3
Convert 121 (base 6) to base 4.
301
-4 (base 8) to base 10
-4
Convert 12 (base 5) to base 3.
21
0 (base 12) to base 11
0
37 (base 12) to base 11
3a
-6c (base 14) to base 9
-116
Convert 1 (base 13) to base 5.
1
Convert -8 (base 11) to base 13.
-8
Convert -55 (base 7) to base 14.
-2c
What is 1000 (base 4) in base 11?
59
What is -3 (base 9) in base 12?
-3
Convert -260 (base 11) to base 9.
-372
What is -12 (base 13) in base 9?
-16
3 (base 8) to base 15
3
Convert 0 (base 10) to base 6.
0
1 (base 12) to base 6
1
Convert -140 (base 5) to base 6.
-113
10010 (base 2) to base 11
17
What is -202 (base 6) in base 9?
-82
-122 (base 8) to base 10
-82
Convert 2220 (base 3) to base 8.
116
1 (base 3) to base 8
1
11 (base 4) to base 11
5
What is -16 (base 13) in base 3?
-201
-10 (base 3) to base 5
-3
Convert 42 (base 9) to base 3.
1102
0 (base 6) to base 7
0
6 (base 8) to base 5
11
What is 1 (base 13) in base 12?
1
What is 58 (base 11) in base 8?
77
What is 18 (base 11) in base 5?
34
-1 (base 13) to base 3
-1
What is 12 (base 3) in base 13?
5
-8 (base 16) to base 14
-8
Convert -f (base 16) to base 6.
-23
-9 (base 16) to base 10
-9
-47 (base 9) to base 13
-34
11 (base 2) to base 16
3
Convert 3 (base 4) to base 2.
11
-506 (base 8) to base 15
-16b
-145 (base 11) to base 8
-252
Convert 27 (base 13) to base 5.
113
What is 16 (base 9) in base 7?
21
-1 (base 8) to base 10
-1
What is 133 (base 8) in base 2?
1011011
Convert 10 (base 10) to base 7.
13
-5 (base 13) to base 15
-5
What is -110 (base 4) in base 12?
-18
50 (base 14) to base 10
70
What is 10 (base 10) in base 4?
22
What is -7 (base 11) in base 8?
-7
W